{"id":5887,"date":"2021-06-01T17:10:59","date_gmt":"2021-06-01T17:10:59","guid":{"rendered":"https:\/\/libreriatopogigio.com\/?post_type=product&#038;p=5887"},"modified":"2025-11-10T13:49:53","modified_gmt":"2025-11-10T13:49:53","slug":"cartulina-gloss","status":"publish","type":"product","link":"https:\/\/libreriatopogigio.com\/?product=cartulina-gloss","title":{"rendered":"Cartulinas C&#8217;ART DECO &#8211; ALFA GLOSS"},"content":{"rendered":"<p><span style=\"color: #000000;\"><b>Did\u00e1cticas ; Especiales ; Fantas\u00eda ; Fechas ; Geom\u00e9tricos ; Maquetas<\/b><\/span><br \/>\n<strong>(91604)(91803)(91953\/71\/73)(9501)<\/strong><\/p>\n","protected":false},"excerpt":{"rendered":"<p><em>Precio con IVA incluido<\/em><br \/>\n<strong>Cartulina Gloss Entretenida V\/dise\u00f1os X10u<\/strong><\/p>\n<p style=\"color: #3366ff;\"><strong>Compra m\u00ednima 10 unidades<\/strong><\/p>\n<p><strong>\u00a1Consultar modelos disponibles!<\/strong><\/p>\n","protected":false},"featured_media":14438,"template":"","meta":[],"product_brand":[],"product_cat":[628],"product_tag":[646,19],"class_list":{"0":"post-5887","1":"product","2":"type-product","3":"status-publish","4":"has-post-thumbnail","6":"product_cat-alfa-gloss","7":"product_tag-alfa-gloss","8":"product_tag-cartulina","10":"first","11":"instock","12":"shipping-taxable","13":"purchasable","14":"product-type-variable"},"aioseo_notices":[],"_links":{"self":[{"href":"https:\/\/libreriatopogigio.com\/index.php?rest_route=\/wp\/v2\/product\/5887","targetHints":{"allow":["GET"]}}],"collection":[{"href":"https:\/\/libreriatopogigio.com\/index.php?rest_route=\/wp\/v2\/product"}],"about":[{"href":"https:\/\/libreriatopogigio.com\/index.php?rest_route=\/wp\/v2\/types\/product"}],"wp:featuredmedia":[{"embeddable":true,"href":"https:\/\/libreriatopogigio.com\/index.php?rest_route=\/wp\/v2\/media\/14438"}],"wp:attachment":[{"href":"https:\/\/libreriatopogigio.com\/index.php?rest_route=%2Fwp%2Fv2%2Fmedia&parent=5887"}],"wp:term":[{"taxonomy":"product_brand","embeddable":true,"href":"https:\/\/libreriatopogigio.com\/index.php?rest_route=%2Fwp%2Fv2%2Fproduct_brand&post=5887"},{"taxonomy":"product_cat","embeddable":true,"href":"https:\/\/libreriatopogigio.com\/index.php?rest_route=%2Fwp%2Fv2%2Fproduct_cat&post=5887"},{"taxonomy":"product_tag","embeddable":true,"href":"https:\/\/libreriatopogigio.com\/index.php?rest_route=%2Fwp%2Fv2%2Fproduct_tag&post=5887"}],"curies":[{"name":"wp","href":"https:\/\/api.w.org\/{rel}","templated":true}]}}