{"id":2967,"date":"2021-05-29T02:02:03","date_gmt":"2021-05-29T02:02:03","guid":{"rendered":"https:\/\/libreriatopogigio.com\/?post_type=product&#038;p=2967"},"modified":"2025-11-11T16:02:36","modified_gmt":"2025-11-11T16:02:36","slug":"boligrafo-ezco","status":"publish","type":"product","link":"https:\/\/libreriatopogigio.com\/?product=boligrafo-ezco","title":{"rendered":"Bol\u00edgrafos 1 MM &#8211; EZCO"},"content":{"rendered":"<p>Bol\u00edgrafo 1 mm, cuerpo cristal ergon\u00f3mico hexagonal, puntera met\u00e1lica y punta de tungsteno, tinta negra.<\/p>\n","protected":false},"excerpt":{"rendered":"<p><em>Precio con IVA incluido<\/em><\/p>\n<p><strong><span style=\"color: #0000ff;\">Caja x50 un.<\/span><\/strong><\/p>\n","protected":false},"featured_media":19996,"template":"","meta":[],"product_brand":[],"product_cat":[495],"product_tag":[138,135,499],"class_list":{"0":"post-2967","1":"product","2":"type-product","3":"status-publish","4":"has-post-thumbnail","6":"product_cat-ezco","7":"product_tag-1mm","8":"product_tag-boligrafo","9":"product_tag-ezco","10":"pa_color-azul","11":"pa_color-negro","12":"pa_color-rojo","13":"pa_color-verde-oscuro","15":"first","16":"instock","17":"shipping-taxable","18":"purchasable","19":"product-type-simple"},"aioseo_notices":[],"_links":{"self":[{"href":"https:\/\/libreriatopogigio.com\/index.php?rest_route=\/wp\/v2\/product\/2967","targetHints":{"allow":["GET"]}}],"collection":[{"href":"https:\/\/libreriatopogigio.com\/index.php?rest_route=\/wp\/v2\/product"}],"about":[{"href":"https:\/\/libreriatopogigio.com\/index.php?rest_route=\/wp\/v2\/types\/product"}],"wp:featuredmedia":[{"embeddable":true,"href":"https:\/\/libreriatopogigio.com\/index.php?rest_route=\/wp\/v2\/media\/19996"}],"wp:attachment":[{"href":"https:\/\/libreriatopogigio.com\/index.php?rest_route=%2Fwp%2Fv2%2Fmedia&parent=2967"}],"wp:term":[{"taxonomy":"product_brand","embeddable":true,"href":"https:\/\/libreriatopogigio.com\/index.php?rest_route=%2Fwp%2Fv2%2Fproduct_brand&post=2967"},{"taxonomy":"product_cat","embeddable":true,"href":"https:\/\/libreriatopogigio.com\/index.php?rest_route=%2Fwp%2Fv2%2Fproduct_cat&post=2967"},{"taxonomy":"product_tag","embeddable":true,"href":"https:\/\/libreriatopogigio.com\/index.php?rest_route=%2Fwp%2Fv2%2Fproduct_tag&post=2967"}],"curies":[{"name":"wp","href":"https:\/\/api.w.org\/{rel}","templated":true}]}}