{"id":19343,"date":"2025-03-21T18:55:10","date_gmt":"2025-03-21T18:55:10","guid":{"rendered":"https:\/\/libreriatopogigio.com\/?post_type=product&#038;p=19343"},"modified":"2025-11-10T15:46:31","modified_gmt":"2025-11-10T15:46:31","slug":"senaladores-de-pagina-neon-deli","status":"publish","type":"product","link":"https:\/\/libreriatopogigio.com\/?product=senaladores-de-pagina-neon-deli","title":{"rendered":"Se\u00f1aladores de p\u00e1gina ne\u00f3n &#8211; DELI"},"content":{"rendered":"","protected":false},"excerpt":{"rendered":"<p><em>Precio con IVA incluido<\/em><\/p>\n<p><span style=\"color: #0000ff;\"><strong>Compra m\u00ednima 5 unidades<\/strong><\/span><\/p>\n","protected":false},"featured_media":19344,"template":"","meta":[],"product_brand":[],"product_cat":[327],"product_tag":[328,541,650,141,1248],"class_list":{"0":"post-19343","1":"product","2":"type-product","3":"status-publish","4":"has-post-thumbnail","6":"product_cat-deli","7":"product_tag-deli","8":"product_tag-fluo","9":"product_tag-indice","10":"product_tag-neon","11":"product_tag-senaladores","13":"first","14":"instock","15":"shipping-taxable","16":"purchasable","17":"product-type-simple"},"aioseo_notices":[],"_links":{"self":[{"href":"https:\/\/libreriatopogigio.com\/index.php?rest_route=\/wp\/v2\/product\/19343","targetHints":{"allow":["GET"]}}],"collection":[{"href":"https:\/\/libreriatopogigio.com\/index.php?rest_route=\/wp\/v2\/product"}],"about":[{"href":"https:\/\/libreriatopogigio.com\/index.php?rest_route=\/wp\/v2\/types\/product"}],"wp:featuredmedia":[{"embeddable":true,"href":"https:\/\/libreriatopogigio.com\/index.php?rest_route=\/wp\/v2\/media\/19344"}],"wp:attachment":[{"href":"https:\/\/libreriatopogigio.com\/index.php?rest_route=%2Fwp%2Fv2%2Fmedia&parent=19343"}],"wp:term":[{"taxonomy":"product_brand","embeddable":true,"href":"https:\/\/libreriatopogigio.com\/index.php?rest_route=%2Fwp%2Fv2%2Fproduct_brand&post=19343"},{"taxonomy":"product_cat","embeddable":true,"href":"https:\/\/libreriatopogigio.com\/index.php?rest_route=%2Fwp%2Fv2%2Fproduct_cat&post=19343"},{"taxonomy":"product_tag","embeddable":true,"href":"https:\/\/libreriatopogigio.com\/index.php?rest_route=%2Fwp%2Fv2%2Fproduct_tag&post=19343"}],"curies":[{"name":"wp","href":"https:\/\/api.w.org\/{rel}","templated":true}]}}