{"id":16641,"date":"2024-11-19T15:48:12","date_gmt":"2024-11-19T15:48:12","guid":{"rendered":"https:\/\/libreriatopogigio.com\/?post_type=product&#038;p=16641"},"modified":"2026-02-12T13:25:54","modified_gmt":"2026-02-12T13:25:54","slug":"roller-gel-borrable-doble-goma-borrax-filgo","status":"publish","type":"product","link":"https:\/\/libreriatopogigio.com\/?product=roller-gel-borrable-doble-goma-borrax-filgo","title":{"rendered":"Roller gel borrable doble goma BORRAX &#8211; FILGO"},"content":{"rendered":"<p>\u2022 Trazo 0.7mm<\/p>\n<p>\u2022 Lapicera Roller con Tinta Gel Borrable por fricci\u00f3n t\u00e9rmica<\/p>\n<p>\u2022 Nueva f\u00f3rmula de tinta Termo-Sensitive que desaparece f\u00e1cilmente, lo que permite escribir, borrar y corregir tantas veces como sea necesario sin da\u00f1ar el papel<\/p>\n","protected":false},"excerpt":{"rendered":"<p><em>Precio con IVA incluido<\/em><\/p>\n<p>Caja x12 un por color<\/p>\n<p><span style=\"color: #0000ff;\"><strong>Compra m\u00ednima 12 unidades<\/strong><\/span><\/p>\n","protected":false},"featured_media":16649,"template":"","meta":[],"product_brand":[],"product_cat":[545],"product_tag":[521,1280,59,173],"class_list":{"0":"post-16641","1":"product","2":"type-product","3":"status-publish","4":"has-post-thumbnail","6":"product_cat-filgo","7":"product_tag-borrable","8":"product_tag-borrax","9":"product_tag-gel","10":"product_tag-roller","12":"first","13":"outofstock","14":"shipping-taxable","15":"purchasable","16":"product-type-variable"},"aioseo_notices":[],"_links":{"self":[{"href":"https:\/\/libreriatopogigio.com\/index.php?rest_route=\/wp\/v2\/product\/16641","targetHints":{"allow":["GET"]}}],"collection":[{"href":"https:\/\/libreriatopogigio.com\/index.php?rest_route=\/wp\/v2\/product"}],"about":[{"href":"https:\/\/libreriatopogigio.com\/index.php?rest_route=\/wp\/v2\/types\/product"}],"wp:featuredmedia":[{"embeddable":true,"href":"https:\/\/libreriatopogigio.com\/index.php?rest_route=\/wp\/v2\/media\/16649"}],"wp:attachment":[{"href":"https:\/\/libreriatopogigio.com\/index.php?rest_route=%2Fwp%2Fv2%2Fmedia&parent=16641"}],"wp:term":[{"taxonomy":"product_brand","embeddable":true,"href":"https:\/\/libreriatopogigio.com\/index.php?rest_route=%2Fwp%2Fv2%2Fproduct_brand&post=16641"},{"taxonomy":"product_cat","embeddable":true,"href":"https:\/\/libreriatopogigio.com\/index.php?rest_route=%2Fwp%2Fv2%2Fproduct_cat&post=16641"},{"taxonomy":"product_tag","embeddable":true,"href":"https:\/\/libreriatopogigio.com\/index.php?rest_route=%2Fwp%2Fv2%2Fproduct_tag&post=16641"}],"curies":[{"name":"wp","href":"https:\/\/api.w.org\/{rel}","templated":true}]}}