{"id":16223,"date":"2024-11-07T17:13:57","date_gmt":"2024-11-07T17:13:57","guid":{"rendered":"https:\/\/libreriatopogigio.com\/?post_type=product&#038;p=16223"},"modified":"2026-03-31T15:26:42","modified_gmt":"2026-03-31T15:26:42","slug":"pistola-encoladora-sd-e-ezco","status":"publish","type":"product","link":"https:\/\/libreriatopogigio.com\/?product=pistola-encoladora-sd-e-ezco","title":{"rendered":"Pistola encoladora SD-E &#8211; EZCO"},"content":{"rendered":"<p>Pistola encoladora para aplicaci\u00f3n de barras de silicona, permite aplicar de forma r\u00e1pida y c\u00f3moda el adhesivo en barras de 7 mm de di\u00e1metro. Apta para aplicar sobre pl\u00e1stico, cer\u00e1mica, madera, cuero, metal, tela, etc. Excelente calidad.<\/p>\n","protected":false},"excerpt":{"rendered":"<p><em>Precio con IVA incluido<\/em><\/p>\n","protected":false},"featured_media":16224,"template":"","meta":[],"product_brand":[],"product_cat":[495],"product_tag":[394,520,468,58],"class_list":{"0":"post-16223","1":"product","2":"type-product","3":"status-publish","4":"has-post-thumbnail","6":"product_cat-ezco","7":"product_tag-barra","8":"product_tag-encoladora","9":"product_tag-pistola","10":"product_tag-silicona","12":"first","13":"instock","14":"shipping-taxable","15":"purchasable","16":"product-type-simple"},"aioseo_notices":[],"_links":{"self":[{"href":"https:\/\/libreriatopogigio.com\/index.php?rest_route=\/wp\/v2\/product\/16223","targetHints":{"allow":["GET"]}}],"collection":[{"href":"https:\/\/libreriatopogigio.com\/index.php?rest_route=\/wp\/v2\/product"}],"about":[{"href":"https:\/\/libreriatopogigio.com\/index.php?rest_route=\/wp\/v2\/types\/product"}],"wp:featuredmedia":[{"embeddable":true,"href":"https:\/\/libreriatopogigio.com\/index.php?rest_route=\/wp\/v2\/media\/16224"}],"wp:attachment":[{"href":"https:\/\/libreriatopogigio.com\/index.php?rest_route=%2Fwp%2Fv2%2Fmedia&parent=16223"}],"wp:term":[{"taxonomy":"product_brand","embeddable":true,"href":"https:\/\/libreriatopogigio.com\/index.php?rest_route=%2Fwp%2Fv2%2Fproduct_brand&post=16223"},{"taxonomy":"product_cat","embeddable":true,"href":"https:\/\/libreriatopogigio.com\/index.php?rest_route=%2Fwp%2Fv2%2Fproduct_cat&post=16223"},{"taxonomy":"product_tag","embeddable":true,"href":"https:\/\/libreriatopogigio.com\/index.php?rest_route=%2Fwp%2Fv2%2Fproduct_tag&post=16223"}],"curies":[{"name":"wp","href":"https:\/\/api.w.org\/{rel}","templated":true}]}}