{"id":14804,"date":"2024-10-24T19:14:11","date_gmt":"2024-10-24T19:14:11","guid":{"rendered":"https:\/\/libreriatopogigio.com\/?post_type=product&#038;p=14804"},"modified":"2026-05-08T18:07:51","modified_gmt":"2026-05-08T18:07:51","slug":"pasteles-al-olio-x24-giotto","status":"publish","type":"product","link":"https:\/\/libreriatopogigio.com\/?product=pasteles-al-olio-x24-giotto","title":{"rendered":"Pasteles al Olio x24 &#8211; GIOTTO"},"content":{"rendered":"<p><strong>Giotto Olio: es un cray\u00f3n al OLEO,<\/strong>\u00a0tambi\u00e9n llamado pastel graso de 11 mm de di\u00e1metro, lo que lo convierte en el m\u00e1s grueso y de mayor poder cubritivo del mercado.<\/p>\n<p>Excelente cremosidad y colores super intensos.<\/p>\n","protected":false},"excerpt":{"rendered":"<p>Precio con IVA incluido<\/p>\n","protected":false},"featured_media":14806,"template":"","meta":[],"product_brand":[],"product_cat":[581],"product_tag":[],"class_list":{"0":"post-14804","1":"product","2":"type-product","3":"status-publish","4":"has-post-thumbnail","6":"product_cat-giotto","8":"first","9":"outofstock","10":"shipping-taxable","11":"purchasable","12":"product-type-simple"},"aioseo_notices":[],"_links":{"self":[{"href":"https:\/\/libreriatopogigio.com\/index.php?rest_route=\/wp\/v2\/product\/14804","targetHints":{"allow":["GET"]}}],"collection":[{"href":"https:\/\/libreriatopogigio.com\/index.php?rest_route=\/wp\/v2\/product"}],"about":[{"href":"https:\/\/libreriatopogigio.com\/index.php?rest_route=\/wp\/v2\/types\/product"}],"wp:featuredmedia":[{"embeddable":true,"href":"https:\/\/libreriatopogigio.com\/index.php?rest_route=\/wp\/v2\/media\/14806"}],"wp:attachment":[{"href":"https:\/\/libreriatopogigio.com\/index.php?rest_route=%2Fwp%2Fv2%2Fmedia&parent=14804"}],"wp:term":[{"taxonomy":"product_brand","embeddable":true,"href":"https:\/\/libreriatopogigio.com\/index.php?rest_route=%2Fwp%2Fv2%2Fproduct_brand&post=14804"},{"taxonomy":"product_cat","embeddable":true,"href":"https:\/\/libreriatopogigio.com\/index.php?rest_route=%2Fwp%2Fv2%2Fproduct_cat&post=14804"},{"taxonomy":"product_tag","embeddable":true,"href":"https:\/\/libreriatopogigio.com\/index.php?rest_route=%2Fwp%2Fv2%2Fproduct_tag&post=14804"}],"curies":[{"name":"wp","href":"https:\/\/api.w.org\/{rel}","templated":true}]}}